{"id":423,"date":"2022-07-27T14:41:18","date_gmt":"2022-07-27T12:41:18","guid":{"rendered":"https:\/\/mementomemini.website\/?page_id=423"},"modified":"2025-04-02T14:37:15","modified_gmt":"2025-04-02T12:37:15","slug":"bienvenus-dans-mon-carnet-de-curiosite","status":"publish","type":"page","link":"https:\/\/mementomemini.website\/","title":{"rendered":"Accueil"},"content":{"rendered":"","protected":false},"excerpt":{"rendered":"","protected":false},"author":1,"featured_media":0,"parent":0,"menu_order":0,"comment_status":"closed","ping_status":"closed","template":"","meta":{"footnotes":""},"class_list":["post-423","page","type-page","status-publish","hentry"],"yoast_head":"<!-- This site is optimized with the Yoast SEO plugin v25.6 - https:\/\/yoast.com\/wordpress\/plugins\/seo\/ -->\n<title>Memento Memini, mon carnet de curiosit\u00e9<\/title>\n<meta name=\"description\" content=\"D\u00e9couvrez mon univers dans ce memento d\u00e9di\u00e9 d\u00e9clin\u00e9 en quatre th\u00e9matiques : vie professionnelle, loisirs, d\u00e9couvertes et recettes\" \/>\n<meta name=\"robots\" content=\"index, follow, max-snippet:-1, max-image-preview:large, max-video-preview:-1\" \/>\n<link rel=\"canonical\" href=\"https:\/\/mementomemini.website\/\" \/>\n<meta property=\"og:locale\" content=\"fr_FR\" \/>\n<meta property=\"og:type\" content=\"article\" \/>\n<meta property=\"og:title\" content=\"Memento Memini, mon carnet de curiosit\u00e9\" \/>\n<meta property=\"og:description\" content=\"D\u00e9couvrez mon univers dans ce memento d\u00e9di\u00e9 d\u00e9clin\u00e9 en quatre th\u00e9matiques : vie professionnelle, loisirs, d\u00e9couvertes et recettes\" \/>\n<meta property=\"og:url\" content=\"https:\/\/mementomemini.website\/\" \/>\n<meta property=\"og:site_name\" content=\"Memento Memini\" \/>\n<meta property=\"article:modified_time\" content=\"2025-04-02T12:37:15+00:00\" \/>\n<meta name=\"twitter:card\" content=\"summary_large_image\" \/>\n<script type=\"application\/ld+json\" class=\"yoast-schema-graph\">{\"@context\":\"https:\/\/schema.org\",\"@graph\":[{\"@type\":\"WebPage\",\"@id\":\"https:\/\/mementomemini.website\/\",\"url\":\"https:\/\/mementomemini.website\/\",\"name\":\"Memento Memini, mon carnet de curiosit\u00e9\",\"isPartOf\":{\"@id\":\"https:\/\/mementomemini.website\/#website\"},\"datePublished\":\"2022-07-27T12:41:18+00:00\",\"dateModified\":\"2025-04-02T12:37:15+00:00\",\"description\":\"D\u00e9couvrez mon univers dans ce memento d\u00e9di\u00e9 d\u00e9clin\u00e9 en quatre th\u00e9matiques : vie professionnelle, loisirs, d\u00e9couvertes et recettes\",\"breadcrumb\":{\"@id\":\"https:\/\/mementomemini.website\/#breadcrumb\"},\"inLanguage\":\"fr-FR\",\"potentialAction\":[{\"@type\":\"ReadAction\",\"target\":[\"https:\/\/mementomemini.website\/\"]}]},{\"@type\":\"BreadcrumbList\",\"@id\":\"https:\/\/mementomemini.website\/#breadcrumb\",\"itemListElement\":[{\"@type\":\"ListItem\",\"position\":1,\"name\":\"Accueil\",\"item\":\"https:\/\/mementomemini.website\/\"},{\"@type\":\"ListItem\",\"position\":2,\"name\":\"Accueil\"}]},{\"@type\":\"WebSite\",\"@id\":\"https:\/\/mementomemini.website\/#website\",\"url\":\"https:\/\/mementomemini.website\/\",\"name\":\"Memento Memini, le carnet de curiosit\u00e9 de Myriam Muesser\",\"description\":\"Mon carnet de curiosit\u00e9\",\"publisher\":{\"@id\":\"https:\/\/mementomemini.website\/#\/schema\/person\/1f5d973dd21d539f058037ee9cc15f68\"},\"alternateName\":\"Memento Memini\",\"potentialAction\":[{\"@type\":\"SearchAction\",\"target\":{\"@type\":\"EntryPoint\",\"urlTemplate\":\"https:\/\/mementomemini.website\/?s={search_term_string}\"},\"query-input\":{\"@type\":\"PropertyValueSpecification\",\"valueRequired\":true,\"valueName\":\"search_term_string\"}}],\"inLanguage\":\"fr-FR\"},{\"@type\":[\"Person\",\"Organization\"],\"@id\":\"https:\/\/mementomemini.website\/#\/schema\/person\/1f5d973dd21d539f058037ee9cc15f68\",\"name\":\"Myriam Muesser\",\"image\":{\"@type\":\"ImageObject\",\"inLanguage\":\"fr-FR\",\"@id\":\"https:\/\/mementomemini.website\/#\/schema\/person\/image\/\",\"url\":\"https:\/\/mementomemini.website\/wp-content\/uploads\/2022\/07\/cropped-cropped-MementoMemini_logo-e1658676554139.png\",\"contentUrl\":\"https:\/\/mementomemini.website\/wp-content\/uploads\/2022\/07\/cropped-cropped-MementoMemini_logo-e1658676554139.png\",\"width\":50,\"height\":50,\"caption\":\"Myriam Muesser\"},\"logo\":{\"@id\":\"https:\/\/mementomemini.website\/#\/schema\/person\/image\/\"},\"sameAs\":[\"http:\/\/mementomemini.website\",\"https:\/\/www.instagram.com\/memento_memini\/\",\"https:\/\/fr.linkedin.com\/in\/myriam-muesser-b91b16a3\"]}]}<\/script>\n<!-- \/ Yoast SEO plugin. -->","yoast_head_json":{"title":"Memento Memini, mon carnet de curiosit\u00e9","description":"D\u00e9couvrez mon univers dans ce memento d\u00e9di\u00e9 d\u00e9clin\u00e9 en quatre th\u00e9matiques : vie professionnelle, loisirs, d\u00e9couvertes et recettes","robots":{"index":"index","follow":"follow","max-snippet":"max-snippet:-1","max-image-preview":"max-image-preview:large","max-video-preview":"max-video-preview:-1"},"canonical":"https:\/\/mementomemini.website\/","og_locale":"fr_FR","og_type":"article","og_title":"Memento Memini, mon carnet de curiosit\u00e9","og_description":"D\u00e9couvrez mon univers dans ce memento d\u00e9di\u00e9 d\u00e9clin\u00e9 en quatre th\u00e9matiques : vie professionnelle, loisirs, d\u00e9couvertes et recettes","og_url":"https:\/\/mementomemini.website\/","og_site_name":"Memento Memini","article_modified_time":"2025-04-02T12:37:15+00:00","twitter_card":"summary_large_image","schema":{"@context":"https:\/\/schema.org","@graph":[{"@type":"WebPage","@id":"https:\/\/mementomemini.website\/","url":"https:\/\/mementomemini.website\/","name":"Memento Memini, mon carnet de curiosit\u00e9","isPartOf":{"@id":"https:\/\/mementomemini.website\/#website"},"datePublished":"2022-07-27T12:41:18+00:00","dateModified":"2025-04-02T12:37:15+00:00","description":"D\u00e9couvrez mon univers dans ce memento d\u00e9di\u00e9 d\u00e9clin\u00e9 en quatre th\u00e9matiques : vie professionnelle, loisirs, d\u00e9couvertes et recettes","breadcrumb":{"@id":"https:\/\/mementomemini.website\/#breadcrumb"},"inLanguage":"fr-FR","potentialAction":[{"@type":"ReadAction","target":["https:\/\/mementomemini.website\/"]}]},{"@type":"BreadcrumbList","@id":"https:\/\/mementomemini.website\/#breadcrumb","itemListElement":[{"@type":"ListItem","position":1,"name":"Accueil","item":"https:\/\/mementomemini.website\/"},{"@type":"ListItem","position":2,"name":"Accueil"}]},{"@type":"WebSite","@id":"https:\/\/mementomemini.website\/#website","url":"https:\/\/mementomemini.website\/","name":"Memento Memini, le carnet de curiosit\u00e9 de Myriam Muesser","description":"Mon carnet de curiosit\u00e9","publisher":{"@id":"https:\/\/mementomemini.website\/#\/schema\/person\/1f5d973dd21d539f058037ee9cc15f68"},"alternateName":"Memento Memini","potentialAction":[{"@type":"SearchAction","target":{"@type":"EntryPoint","urlTemplate":"https:\/\/mementomemini.website\/?s={search_term_string}"},"query-input":{"@type":"PropertyValueSpecification","valueRequired":true,"valueName":"search_term_string"}}],"inLanguage":"fr-FR"},{"@type":["Person","Organization"],"@id":"https:\/\/mementomemini.website\/#\/schema\/person\/1f5d973dd21d539f058037ee9cc15f68","name":"Myriam Muesser","image":{"@type":"ImageObject","inLanguage":"fr-FR","@id":"https:\/\/mementomemini.website\/#\/schema\/person\/image\/","url":"https:\/\/mementomemini.website\/wp-content\/uploads\/2022\/07\/cropped-cropped-MementoMemini_logo-e1658676554139.png","contentUrl":"https:\/\/mementomemini.website\/wp-content\/uploads\/2022\/07\/cropped-cropped-MementoMemini_logo-e1658676554139.png","width":50,"height":50,"caption":"Myriam Muesser"},"logo":{"@id":"https:\/\/mementomemini.website\/#\/schema\/person\/image\/"},"sameAs":["http:\/\/mementomemini.website","https:\/\/www.instagram.com\/memento_memini\/","https:\/\/fr.linkedin.com\/in\/myriam-muesser-b91b16a3"]}]}},"featured_media_urls":[],"_links":{"self":[{"href":"https:\/\/mementomemini.website\/index.php\/wp-json\/wp\/v2\/pages\/423","targetHints":{"allow":["GET"]}}],"collection":[{"href":"https:\/\/mementomemini.website\/index.php\/wp-json\/wp\/v2\/pages"}],"about":[{"href":"https:\/\/mementomemini.website\/index.php\/wp-json\/wp\/v2\/types\/page"}],"author":[{"embeddable":true,"href":"https:\/\/mementomemini.website\/index.php\/wp-json\/wp\/v2\/users\/1"}],"replies":[{"embeddable":true,"href":"https:\/\/mementomemini.website\/index.php\/wp-json\/wp\/v2\/comments?post=423"}],"version-history":[{"count":2,"href":"https:\/\/mementomemini.website\/index.php\/wp-json\/wp\/v2\/pages\/423\/revisions"}],"predecessor-version":[{"id":428,"href":"https:\/\/mementomemini.website\/index.php\/wp-json\/wp\/v2\/pages\/423\/revisions\/428"}],"wp:attachment":[{"href":"https:\/\/mementomemini.website\/index.php\/wp-json\/wp\/v2\/media?parent=423"}],"curies":[{"name":"wp","href":"https:\/\/api.w.org\/{rel}","templated":true}]}}